{"version":"1.0","provider_name":"Bienal Editora","provider_url":"https:\/\/www.bienaleditora.com.br\/site","author_name":"Roger Bezerra","author_url":"https:\/\/www.bienaleditora.com.br\/site\/author\/roger-bezerra\/","title":"Dirceu Arcoverde - Esperan\u00e7a interrompida - Bienal Editora","type":"rich","width":600,"height":338,"html":"<blockquote class=\"wp-embedded-content\" data-secret=\"CUdcSYDj2F\"><a href=\"https:\/\/www.bienaleditora.com.br\/site\/dirceu-arcoverde-esperanca-interrimpida\/\">Dirceu Arcoverde &#8211; Esperan\u00e7a interrompida<\/a><\/blockquote><iframe sandbox=\"allow-scripts\" security=\"restricted\" src=\"https:\/\/www.bienaleditora.com.br\/site\/dirceu-arcoverde-esperanca-interrimpida\/embed\/#?secret=CUdcSYDj2F\" width=\"600\" height=\"338\" title=\"&#8220;Dirceu Arcoverde &#8211; Esperan\u00e7a interrompida&#8221; &#8212; Bienal Editora\" data-secret=\"CUdcSYDj2F\" frameborder=\"0\" marginwidth=\"0\" marginheight=\"0\" scrolling=\"no\" class=\"wp-embedded-content\"><\/iframe><script>\n\/*! This file is auto-generated *\/\n!function(d,l){\"use strict\";l.querySelector&&d.addEventListener&&\"undefined\"!=typeof URL&&(d.wp=d.wp||{},d.wp.receiveEmbedMessage||(d.wp.receiveEmbedMessage=function(e){var t=e.data;if((t||t.secret||t.message||t.value)&&!\/[^a-zA-Z0-9]\/.test(t.secret)){for(var s,r,n,a=l.querySelectorAll('iframe[data-secret=\"'+t.secret+'\"]'),o=l.querySelectorAll('blockquote[data-secret=\"'+t.secret+'\"]'),c=new RegExp(\"^https?:$\",\"i\"),i=0;i<o.length;i++)o[i].style.display=\"none\";for(i=0;i<a.length;i++)s=a[i],e.source===s.contentWindow&&(s.removeAttribute(\"style\"),\"height\"===t.message?(1e3<(r=parseInt(t.value,10))?r=1e3:~~r<200&&(r=200),s.height=r):\"link\"===t.message&&(r=new URL(s.getAttribute(\"src\")),n=new URL(t.value),c.test(n.protocol))&&n.host===r.host&&l.activeElement===s&&(d.top.location.href=t.value))}},d.addEventListener(\"message\",d.wp.receiveEmbedMessage,!1),l.addEventListener(\"DOMContentLoaded\",function(){for(var e,t,s=l.querySelectorAll(\"iframe.wp-embedded-content\"),r=0;r<s.length;r++)(t=(e=s[r]).getAttribute(\"data-secret\"))||(t=Math.random().toString(36).substring(2,12),e.src+=\"#?secret=\"+t,e.setAttribute(\"data-secret\",t)),e.contentWindow.postMessage({message:\"ready\",secret:t},\"*\")},!1)))}(window,document);\n\/\/# sourceURL=https:\/\/www.bienaleditora.com.br\/site\/wp-includes\/js\/wp-embed.min.js\n<\/script>\n","thumbnail_url":"https:\/\/www.bienaleditora.com.br\/site\/wp-content\/uploads\/2020\/03\/WhatsApp-Image-2020-03-08-at-20.42.03-1.jpeg","thumbnail_width":844,"thumbnail_height":1280,"description":"Eu vi o governador! De longe&#8230; Era 13 de maio de 1977, uma sexta-feira.&nbsp;Eu tinha 15 anos e me mostrava curioso diante dos acontecimentos de minha pequena cidade, \u00c1gua Branca, a 100 quil\u00f4metros ao Sul de Teresina.&nbsp;&nbsp; Uma manh\u00e3 de\u00a0sol, a Pra\u00e7a 1\u00ba de Julho, \u00e0 \u00e9poca a principal da cidade, estava coalhada de pessoas. [&hellip;]"}

Dirceu Arcoverde - Esperança interrompida - Bienal Editora

<blockquote class="wp-embedded-content" data-secret="CUdcSYDj2F"><a href="https://www.bienaleditora.com.br/site/dirceu-arcoverde-esperanca-interrimpida/">Dirceu Arcoverde &#8211; Esperança interrompida</a></blockquote><iframe sandbox="allow-scripts" security="restricted" src="https://www.bienaleditora.com.br/site/dirceu-arcoverde-esperanca-interrimpida/embed/#?secret=CUdcSYDj2F" width="600" height="338" title="&#8220;Dirceu Arcoverde &#8211; Esperança interrompida&#8221; &#8212; Bienal Editora" data-secret="CUdcSYDj2F" frameborder="0" marginwidth="0" marginheight="0" scrolling="no" class="wp-embedded-content"></iframe><script>
/*! This file is auto-generated */
!function(d,l){"use strict";l.querySelector&&d.addEventListener&&"undefined"!=typeof URL&&(d.wp=d.wp||{},d.wp.receiveEmbedMessage||(d.wp.receiveEmbedMessage=function(e){var t=e.data;if((t||t.secret||t.message||t.value)&&!/[^a-zA-Z0-9]/.test(t.secret)){for(var s,r,n,a=l.querySelectorAll('iframe[data-secret="'+t.secret+'"]'),o=l.querySelectorAll('blockquote[data-secret="'+t.secret+'"]'),c=new RegExp("^https?:$","i"),i=0;i<o.length;i++)o[i].style.display="none";for(i=0;i<a.length;i++)s=a[i],e.source===s.contentWindow&&(s.removeAttribute("style"),"height"===t.message?(1e3<(r=parseInt(t.value,10))?r=1e3:~~r<200&&(r=200),s.height=r):"link"===t.message&&(r=new URL(s.getAttribute("src")),n=new URL(t.value),c.test(n.protocol))&&n.host===r.host&&l.activeElement===s&&(d.top.location.href=t.value))}},d.addEventListener("message",d.wp.receiveEmbedMessage,!1),l.addEventListener("DOMContentLoaded",function(){for(var e,t,s=l.querySelectorAll("iframe.wp-embedded-content"),r=0;r<s.length;r++)(t=(e=s[r]).getAttribute("data-secret"))||(t=Math.random().toString(36).substring(2,12),e.src+="#?secret="+t,e.setAttribute("data-secret",t)),e.contentWindow.postMessage({message:"ready",secret:t},"*")},!1)))}(window,document);
//# sourceURL=https://www.bienaleditora.com.br/site/wp-includes/js/wp-embed.min.js
</script>

Eu vi o governador! De longe&#8230; Era 13 de maio de 1977, uma sexta-feira.&nbsp;Eu tinha 15 anos e me mostrava curioso diante dos acontecimentos de minha pequena cidade, Água Branca, a 100 quilômetros ao Sul de Teresina.&nbsp;&nbsp; Uma manhã de sol, a Praça 1º de Julho, à época a principal da cidade, estava coalhada de pessoas. [&hellip;]
